{"id":12732,"date":"2025-09-04T09:56:26","date_gmt":"2025-09-04T09:56:26","guid":{"rendered":"https:\/\/doreytiles.pt\/?post_type=product&#038;p=12732"},"modified":"2025-09-05T09:06:06","modified_gmt":"2025-09-05T09:06:06","slug":"topo-de-painel-com-putti-sec-xviii","status":"publish","type":"product","link":"https:\/\/doreytiles.pt\/pt-pt\/product\/topo-de-painel-com-putti-sec-xviii\/","title":{"rendered":"Topo de painel com Putti, S\u00e9c. XVIII"},"content":{"rendered":"<p>Per\u00edodo: S\u00e9culo XVIII<\/p>\n<pre><\/pre>\n<p>Dimens\u00f5es: 56 x 126 cm<\/p>\n<pre><\/pre>\n<p>Topo de painel recortado do s\u00e9culo XVIII com putti. Usado sobretudo nas cercaduras.<\/p>\n","protected":false},"excerpt":{"rendered":"<p>Per\u00edodo: S\u00e9culo XVIII Dimens\u00f5es: 56 x 126 cm Topo de painel recortado do s\u00e9culo XVIII com putti. Usado sobretudo nas cercaduras.<\/p>\n","protected":false},"featured_media":12733,"template":"","meta":{"_acf_changed":false},"product_brand":[],"product_cat":[33,45,47],"product_tag":[38],"class_list":{"0":"post-12732","1":"product","2":"type-product","3":"status-publish","4":"has-post-thumbnail","6":"product_cat-azul-e-branco","7":"product_cat-45","8":"product_cat-xviii","9":"product_tag-paineis-figurativos","11":"first","12":"instock","13":"shipping-taxable","14":"product-type-simple"},"acf":[],"_links":{"self":[{"href":"https:\/\/doreytiles.pt\/pt-pt\/wp-json\/wp\/v2\/product\/12732","targetHints":{"allow":["GET"]}}],"collection":[{"href":"https:\/\/doreytiles.pt\/pt-pt\/wp-json\/wp\/v2\/product"}],"about":[{"href":"https:\/\/doreytiles.pt\/pt-pt\/wp-json\/wp\/v2\/types\/product"}],"wp:featuredmedia":[{"embeddable":true,"href":"https:\/\/doreytiles.pt\/pt-pt\/wp-json\/wp\/v2\/media\/12733"}],"wp:attachment":[{"href":"https:\/\/doreytiles.pt\/pt-pt\/wp-json\/wp\/v2\/media?parent=12732"}],"wp:term":[{"taxonomy":"product_brand","embeddable":true,"href":"https:\/\/doreytiles.pt\/pt-pt\/wp-json\/wp\/v2\/product_brand?post=12732"},{"taxonomy":"product_cat","embeddable":true,"href":"https:\/\/doreytiles.pt\/pt-pt\/wp-json\/wp\/v2\/product_cat?post=12732"},{"taxonomy":"product_tag","embeddable":true,"href":"https:\/\/doreytiles.pt\/pt-pt\/wp-json\/wp\/v2\/product_tag?post=12732"}],"curies":[{"name":"wp","href":"https:\/\/api.w.org\/{rel}","templated":true}]}}

Topo de painel com Putti, Séc. XVIII

<p>Período: Século XVIII</p>
<pre></pre>
<p>Dimensões: 56 x 126 cm</p>
<pre></pre>
<p>Topo de painel recortado do século XVIII com putti. Usado sobretudo nas cercaduras.</p>

<p>Período: Século XVIII Dimensões: 56 x 126 cm Topo de painel recortado do século XVIII com putti. Usado sobretudo nas cercaduras.</p>
