{"id":12902,"date":"2025-09-04T10:21:13","date_gmt":"2025-09-04T10:21:13","guid":{"rendered":"https:\/\/doreytiles.pt\/?post_type=product&#038;p=12902"},"modified":"2025-09-05T09:06:49","modified_gmt":"2025-09-05T09:06:49","slug":"painel-com-legionario-romano-sec-xviii","status":"publish","type":"product","link":"https:\/\/doreytiles.pt\/pt-pt\/product\/painel-com-legionario-romano-sec-xviii\/","title":{"rendered":"Painel com Legion\u00e1rio Romano, S\u00e9c. XVIII"},"content":{"rendered":"<p>Per\u00edodo: S\u00e9culo XVIII<\/p>\n<pre><\/pre>\n<p>Dimens\u00f5es: 70 x 42 cm<\/p>\n<pre><\/pre>\n<p>Painel com Legion\u00e1rio romano do s\u00e9culo XVIII. Usado sobretudo em pal\u00e1cios e igrejas.<\/p>\n","protected":false},"excerpt":{"rendered":"<p>Per\u00edodo: S\u00e9culo XVIII Dimens\u00f5es: 70 x 42 cm Painel com Legion\u00e1rio romano do s\u00e9culo XVIII. Usado sobretudo em pal\u00e1cios e igrejas.<\/p>\n","protected":false},"featured_media":12747,"template":"","meta":{"_acf_changed":false},"product_brand":[],"product_cat":[33,41,47],"product_tag":[38],"class_list":{"0":"post-12902","1":"product","2":"type-product","3":"status-publish","4":"has-post-thumbnail","6":"product_cat-azul-e-branco","7":"product_cat-41","8":"product_cat-xviii","9":"product_tag-paineis-figurativos","11":"first","12":"instock","13":"shipping-taxable","14":"product-type-simple"},"acf":[],"_links":{"self":[{"href":"https:\/\/doreytiles.pt\/pt-pt\/wp-json\/wp\/v2\/product\/12902","targetHints":{"allow":["GET"]}}],"collection":[{"href":"https:\/\/doreytiles.pt\/pt-pt\/wp-json\/wp\/v2\/product"}],"about":[{"href":"https:\/\/doreytiles.pt\/pt-pt\/wp-json\/wp\/v2\/types\/product"}],"wp:featuredmedia":[{"embeddable":true,"href":"https:\/\/doreytiles.pt\/pt-pt\/wp-json\/wp\/v2\/media\/12747"}],"wp:attachment":[{"href":"https:\/\/doreytiles.pt\/pt-pt\/wp-json\/wp\/v2\/media?parent=12902"}],"wp:term":[{"taxonomy":"product_brand","embeddable":true,"href":"https:\/\/doreytiles.pt\/pt-pt\/wp-json\/wp\/v2\/product_brand?post=12902"},{"taxonomy":"product_cat","embeddable":true,"href":"https:\/\/doreytiles.pt\/pt-pt\/wp-json\/wp\/v2\/product_cat?post=12902"},{"taxonomy":"product_tag","embeddable":true,"href":"https:\/\/doreytiles.pt\/pt-pt\/wp-json\/wp\/v2\/product_tag?post=12902"}],"curies":[{"name":"wp","href":"https:\/\/api.w.org\/{rel}","templated":true}]}}

Painel com Legionário Romano, Séc. XVIII

<p>Período: Século XVIII</p>
<pre></pre>
<p>Dimensões: 70 x 42 cm</p>
<pre></pre>
<p>Painel com Legionário romano do século XVIII. Usado sobretudo em palácios e igrejas.</p>

<p>Período: Século XVIII Dimensões: 70 x 42 cm Painel com Legionário romano do século XVIII. Usado sobretudo em palácios e igrejas.</p>
