{"id":14682,"date":"2026-01-08T15:59:40","date_gmt":"2026-01-08T15:59:40","guid":{"rendered":"https:\/\/doreytiles.pt\/?post_type=product&#038;p=14682"},"modified":"2026-01-09T12:00:43","modified_gmt":"2026-01-09T12:00:43","slug":"cena-do-quotidiano-sec-xx","status":"publish","type":"product","link":"https:\/\/doreytiles.pt\/pt-pt\/product\/cena-do-quotidiano-sec-xx\/","title":{"rendered":"Cena do Quotidiano, s\u00e9c. XX"},"content":{"rendered":"<p>Per\u00edodo: S\u00e9culo XX<\/p>\n<pre><\/pre>\n<p>Dimens\u00f5es: 56 x 84 cm<\/p>\n<pre><\/pre>\n<p>Painel do s\u00e9culo XX, com cena do quotidiano. Reinterpreta\u00e7\u00e3o de paineis, com o mesmo tema, do s\u00e9culo XVIII.<\/p>\n","protected":false},"excerpt":{"rendered":"<p>Per\u00edodo: S\u00e9culo XX Dimens\u00f5es: 56 x 84 cm Painel do s\u00e9culo XX, com cena do quotidiano. Reinterpreta\u00e7\u00e3o de paineis, com o mesmo tema, do s\u00e9culo XVIII.<\/p>\n","protected":false},"featured_media":14406,"template":"","meta":{"_acf_changed":false},"product_brand":[],"product_cat":[33,41,50],"product_tag":[38],"class_list":{"0":"post-14682","1":"product","2":"type-product","3":"status-publish","4":"has-post-thumbnail","6":"product_cat-azul-e-branco","7":"product_cat-41","8":"product_cat-xx","9":"product_tag-paineis-figurativos","11":"first","12":"instock","13":"shipping-taxable","14":"product-type-simple"},"acf":[],"_links":{"self":[{"href":"https:\/\/doreytiles.pt\/pt-pt\/wp-json\/wp\/v2\/product\/14682","targetHints":{"allow":["GET"]}}],"collection":[{"href":"https:\/\/doreytiles.pt\/pt-pt\/wp-json\/wp\/v2\/product"}],"about":[{"href":"https:\/\/doreytiles.pt\/pt-pt\/wp-json\/wp\/v2\/types\/product"}],"wp:featuredmedia":[{"embeddable":true,"href":"https:\/\/doreytiles.pt\/pt-pt\/wp-json\/wp\/v2\/media\/14406"}],"wp:attachment":[{"href":"https:\/\/doreytiles.pt\/pt-pt\/wp-json\/wp\/v2\/media?parent=14682"}],"wp:term":[{"taxonomy":"product_brand","embeddable":true,"href":"https:\/\/doreytiles.pt\/pt-pt\/wp-json\/wp\/v2\/product_brand?post=14682"},{"taxonomy":"product_cat","embeddable":true,"href":"https:\/\/doreytiles.pt\/pt-pt\/wp-json\/wp\/v2\/product_cat?post=14682"},{"taxonomy":"product_tag","embeddable":true,"href":"https:\/\/doreytiles.pt\/pt-pt\/wp-json\/wp\/v2\/product_tag?post=14682"}],"curies":[{"name":"wp","href":"https:\/\/api.w.org\/{rel}","templated":true}]}}

Cena do Quotidiano, séc. XX

<p>Período: Século XX</p>
<pre></pre>
<p>Dimensões: 56 x 84 cm</p>
<pre></pre>
<p>Painel do século XX, com cena do quotidiano. Reinterpretação de paineis, com o mesmo tema, do século XVIII.</p>

<p>Período: Século XX Dimensões: 56 x 84 cm Painel do século XX, com cena do quotidiano. Reinterpretação de paineis, com o mesmo tema, do século XVIII.</p>
