{"id":14944,"date":"2026-01-29T11:44:56","date_gmt":"2026-01-29T11:44:56","guid":{"rendered":"https:\/\/doreytiles.pt\/?post_type=product&#038;p=14944"},"modified":"2026-01-30T10:16:13","modified_gmt":"2026-01-30T10:16:13","slug":"painel-com-querubim-e-motivos-florais-sec-xviii","status":"publish","type":"product","link":"https:\/\/doreytiles.pt\/pt-pt\/product\/painel-com-querubim-e-motivos-florais-sec-xviii\/","title":{"rendered":"Painel com querubim e motivos florais &#8211; s\u00e9c. XVIII"},"content":{"rendered":"<p>Per\u00edodo: s\u00e9c. XVIII<\/p>\n<pre><\/pre>\n<p>Dimens\u00f5es: 58 x 30 cm<\/p>\n<pre><\/pre>\n<p>Pequeno painel composto por azulejos em azul e branco, com decora\u00e7\u00e3o de querubim central envolvido por enrolamentos e motivos florais<\/p>\n","protected":false},"excerpt":{"rendered":"<p>Per\u00edodo: s\u00e9c. XVIII Dimens\u00f5es: 58 x 30 cm Pequeno painel composto por azulejos em azul e branco, com decora\u00e7\u00e3o de querubim central envolvido por enrolamentos e motivos florais<\/p>\n","protected":false},"featured_media":14474,"template":"","meta":{"_acf_changed":false},"product_brand":[],"product_cat":[47,41],"product_tag":[38],"class_list":{"0":"post-14944","1":"product","2":"type-product","3":"status-publish","4":"has-post-thumbnail","6":"product_cat-xviii","7":"product_cat-41","8":"product_tag-paineis-figurativos","10":"first","11":"instock","12":"shipping-taxable","13":"product-type-simple"},"acf":[],"_links":{"self":[{"href":"https:\/\/doreytiles.pt\/pt-pt\/wp-json\/wp\/v2\/product\/14944","targetHints":{"allow":["GET"]}}],"collection":[{"href":"https:\/\/doreytiles.pt\/pt-pt\/wp-json\/wp\/v2\/product"}],"about":[{"href":"https:\/\/doreytiles.pt\/pt-pt\/wp-json\/wp\/v2\/types\/product"}],"wp:featuredmedia":[{"embeddable":true,"href":"https:\/\/doreytiles.pt\/pt-pt\/wp-json\/wp\/v2\/media\/14474"}],"wp:attachment":[{"href":"https:\/\/doreytiles.pt\/pt-pt\/wp-json\/wp\/v2\/media?parent=14944"}],"wp:term":[{"taxonomy":"product_brand","embeddable":true,"href":"https:\/\/doreytiles.pt\/pt-pt\/wp-json\/wp\/v2\/product_brand?post=14944"},{"taxonomy":"product_cat","embeddable":true,"href":"https:\/\/doreytiles.pt\/pt-pt\/wp-json\/wp\/v2\/product_cat?post=14944"},{"taxonomy":"product_tag","embeddable":true,"href":"https:\/\/doreytiles.pt\/pt-pt\/wp-json\/wp\/v2\/product_tag?post=14944"}],"curies":[{"name":"wp","href":"https:\/\/api.w.org\/{rel}","templated":true}]}}

Painel com querubim e motivos florais &#8211; séc. XVIII

<p>Período: séc. XVIII</p>
<pre></pre>
<p>Dimensões: 58 x 30 cm</p>
<pre></pre>
<p>Pequeno painel composto por azulejos em azul e branco, com decoração de querubim central envolvido por enrolamentos e motivos florais</p>

<p>Período: séc. XVIII Dimensões: 58 x 30 cm Pequeno painel composto por azulejos em azul e branco, com decoração de querubim central envolvido por enrolamentos e motivos florais</p>
