{"id":5735,"date":"2025-08-28T15:51:16","date_gmt":"2025-08-28T15:51:16","guid":{"rendered":"https:\/\/doreytiles.pt\/?post_type=product&#038;p=5735"},"modified":"2025-08-28T20:00:57","modified_gmt":"2025-08-28T20:00:57","slug":"par-de-capiteis-em-pedra","status":"publish","type":"product","link":"https:\/\/doreytiles.pt\/pt-pt\/product\/par-de-capiteis-em-pedra\/","title":{"rendered":"Par de Capit\u00e9is em Pedra"},"content":{"rendered":"<p>Per\u00edodo: S\u00e9culo\u00a0 XVIII &#8211; XIX<\/p>\n<pre><\/pre>\n<p>Dimens\u00f5es: 45 x 45 x 45 cm<\/p>\n<p>&nbsp;<\/p>\n<pre><\/pre>\n<p>Par de capit\u00e9is em pedra lioz, de finais do s\u00e9c. XVIII in\u00edcio s\u00e9c. XX.<\/p>\n","protected":false},"excerpt":{"rendered":"<p>Per\u00edodo: S\u00e9culo\u00a0 XVIII &#8211; XIX Dimens\u00f5es: 45 x 45 x 45 cm &nbsp; Par de capit\u00e9is em pedra lioz, de finais do s\u00e9c. XVIII in\u00edcio s\u00e9c. XX.<\/p>\n","protected":false},"featured_media":5698,"template":"","meta":{"_acf_changed":false},"product_brand":[],"product_cat":[48,42,47],"product_tag":[60],"class_list":{"0":"post-5735","1":"product","2":"type-product","3":"status-publish","4":"has-post-thumbnail","6":"product_cat-xix","7":"product_cat-42","8":"product_cat-xviii","9":"product_tag-pedras","11":"first","12":"instock","13":"shipping-taxable","14":"product-type-simple"},"acf":[],"_links":{"self":[{"href":"https:\/\/doreytiles.pt\/pt-pt\/wp-json\/wp\/v2\/product\/5735","targetHints":{"allow":["GET"]}}],"collection":[{"href":"https:\/\/doreytiles.pt\/pt-pt\/wp-json\/wp\/v2\/product"}],"about":[{"href":"https:\/\/doreytiles.pt\/pt-pt\/wp-json\/wp\/v2\/types\/product"}],"wp:featuredmedia":[{"embeddable":true,"href":"https:\/\/doreytiles.pt\/pt-pt\/wp-json\/wp\/v2\/media\/5698"}],"wp:attachment":[{"href":"https:\/\/doreytiles.pt\/pt-pt\/wp-json\/wp\/v2\/media?parent=5735"}],"wp:term":[{"taxonomy":"product_brand","embeddable":true,"href":"https:\/\/doreytiles.pt\/pt-pt\/wp-json\/wp\/v2\/product_brand?post=5735"},{"taxonomy":"product_cat","embeddable":true,"href":"https:\/\/doreytiles.pt\/pt-pt\/wp-json\/wp\/v2\/product_cat?post=5735"},{"taxonomy":"product_tag","embeddable":true,"href":"https:\/\/doreytiles.pt\/pt-pt\/wp-json\/wp\/v2\/product_tag?post=5735"}],"curies":[{"name":"wp","href":"https:\/\/api.w.org\/{rel}","templated":true}]}}

Par de Capitéis em Pedra

<p>Período: Século  XVIII &#8211; XIX</p>
<pre></pre>
<p>Dimensões: 45 x 45 x 45 cm</p>
<p>&nbsp;</p>
<pre></pre>
<p>Par de capitéis em pedra lioz, de finais do séc. XVIII início séc. XX.</p>

<p>Período: Século  XVIII &#8211; XIX Dimensões: 45 x 45 x 45 cm &nbsp; Par de capitéis em pedra lioz, de finais do séc. XVIII início séc. XX.</p>
