{"id":5739,"date":"2025-08-28T16:09:11","date_gmt":"2025-08-28T16:09:11","guid":{"rendered":"https:\/\/doreytiles.pt\/?post_type=product&#038;p=5739"},"modified":"2025-08-28T20:00:36","modified_gmt":"2025-08-28T20:00:36","slug":"par-de-floreiras-em-pedra-sec-xix","status":"publish","type":"product","link":"https:\/\/doreytiles.pt\/pt-pt\/product\/par-de-floreiras-em-pedra-sec-xix\/","title":{"rendered":"Par de floreiras em Pedra, S\u00e9c. XIX"},"content":{"rendered":"<p>Per\u00edodo: S\u00e9culo XIX<\/p>\n<pre><\/pre>\n<p>Dimens\u00f5es: 60 cm de di\u00e2metro (a confirmar)<\/p>\n<pre><\/pre>\n<p>Par de floreiras em pedra do s\u00e9culo XIX. Uso exterior.<\/p>\n","protected":false},"excerpt":{"rendered":"<p>Per\u00edodo: S\u00e9culo XIX Dimens\u00f5es: 60 cm de di\u00e2metro (a confirmar) Par de floreiras em pedra do s\u00e9culo XIX. Uso exterior.<\/p>\n","protected":false},"featured_media":5638,"template":"","meta":{"_acf_changed":false},"product_brand":[],"product_cat":[48,42],"product_tag":[60],"class_list":{"0":"post-5739","1":"product","2":"type-product","3":"status-publish","4":"has-post-thumbnail","6":"product_cat-xix","7":"product_cat-42","8":"product_tag-pedras","10":"first","11":"instock","12":"shipping-taxable","13":"product-type-simple"},"acf":[],"_links":{"self":[{"href":"https:\/\/doreytiles.pt\/pt-pt\/wp-json\/wp\/v2\/product\/5739","targetHints":{"allow":["GET"]}}],"collection":[{"href":"https:\/\/doreytiles.pt\/pt-pt\/wp-json\/wp\/v2\/product"}],"about":[{"href":"https:\/\/doreytiles.pt\/pt-pt\/wp-json\/wp\/v2\/types\/product"}],"wp:featuredmedia":[{"embeddable":true,"href":"https:\/\/doreytiles.pt\/pt-pt\/wp-json\/wp\/v2\/media\/5638"}],"wp:attachment":[{"href":"https:\/\/doreytiles.pt\/pt-pt\/wp-json\/wp\/v2\/media?parent=5739"}],"wp:term":[{"taxonomy":"product_brand","embeddable":true,"href":"https:\/\/doreytiles.pt\/pt-pt\/wp-json\/wp\/v2\/product_brand?post=5739"},{"taxonomy":"product_cat","embeddable":true,"href":"https:\/\/doreytiles.pt\/pt-pt\/wp-json\/wp\/v2\/product_cat?post=5739"},{"taxonomy":"product_tag","embeddable":true,"href":"https:\/\/doreytiles.pt\/pt-pt\/wp-json\/wp\/v2\/product_tag?post=5739"}],"curies":[{"name":"wp","href":"https:\/\/api.w.org\/{rel}","templated":true}]}}

Par de floreiras em Pedra, Séc. XIX

<p>Período: Século XIX</p>
<pre></pre>
<p>Dimensões: 60 cm de diâmetro (a confirmar)</p>
<pre></pre>
<p>Par de floreiras em pedra do século XIX. Uso exterior.</p>

<p>Período: Século XIX Dimensões: 60 cm de diâmetro (a confirmar) Par de floreiras em pedra do século XIX. Uso exterior.</p>
